{"id":8183,"date":"2024-05-06T15:04:22","date_gmt":"2024-05-06T15:04:22","guid":{"rendered":"https:\/\/ammmicro.mx\/congreso\/?page_id=8183"},"modified":"2026-04-16T01:45:07","modified_gmt":"2026-04-16T01:45:07","slug":"pre-registro","status":"publish","type":"page","link":"https:\/\/ammmicro.mx\/congreso\/pre-registro\/","title":{"rendered":"Pre-Registro"},"content":{"rendered":"\t\t<div data-elementor-type=\"wp-page\" data-elementor-id=\"8183\" class=\"elementor elementor-8183\" data-elementor-post-type=\"page\">\n\t\t\t\t\t\t<section class=\"elementor-section elementor-top-section elementor-element elementor-element-e9a6140 elementor-section-boxed elementor-section-height-default elementor-section-height-default\" data-id=\"e9a6140\" data-element_type=\"section\" data-e-type=\"section\">\n\t\t\t\t\t\t<div class=\"elementor-container elementor-column-gap-default\">\n\t\t\t\t\t\t<\/div>\n\t\t<\/section>\n\t\t\t\t<section class=\"elementor-section elementor-top-section elementor-element elementor-element-17c65841 elementor-section-boxed elementor-section-height-default elementor-section-height-default\" data-id=\"17c65841\" data-element_type=\"section\" data-e-type=\"section\">\n\t\t\t\t\t\t<div class=\"elementor-container elementor-column-gap-default\">\n\t\t\t\t\t\t<\/div>\n\t\t<\/section>\n\t\t<div class=\"elementor-element elementor-element-4ba8f25 e-flex e-con-boxed e-con e-parent\" data-id=\"4ba8f25\" data-element_type=\"container\" data-e-type=\"container\" data-settings=\"{&quot;background_background&quot;:&quot;classic&quot;}\">\n\t\t\t\t\t<div class=\"e-con-inner\">\n\t\t<div class=\"elementor-element elementor-element-e3909db e-con-full e-flex e-con e-child\" data-id=\"e3909db\" data-element_type=\"container\" data-e-type=\"container\" data-settings=\"{&quot;background_background&quot;:&quot;classic&quot;}\">\n\t\t<div class=\"elementor-element elementor-element-11d78a0 e-con-full e-flex e-con e-child\" data-id=\"11d78a0\" data-element_type=\"container\" data-e-type=\"container\">\n\t\t\t\t<div class=\"elementor-element elementor-element-86407b5 elementor-widget elementor-widget-heading\" data-id=\"86407b5\" data-element_type=\"widget\" data-e-type=\"widget\" data-widget_type=\"heading.default\">\n\t\t\t\t<div class=\"elementor-widget-container\">\n\t\t\t\t\t<h4 class=\"elementor-heading-title elementor-size-default\">Inicio de sesi\u00f3n<\/h4>\t\t\t\t<\/div>\n\t\t\t\t<\/div>\n\t\t\t\t<div class=\"elementor-element elementor-element-1fd437b elementor-button-align-center elementor-widget elementor-widget-login\" data-id=\"1fd437b\" data-element_type=\"widget\" data-e-type=\"widget\" data-widget_type=\"login.default\">\n\t\t\t\t<div class=\"elementor-widget-container\">\n\t\t\t\t\t\t\t<form class=\"elementor-login elementor-form\" method=\"post\" action=\"https:\/\/ammmicro.mx\/congreso\/wp-login.php\" aria-label=\"Fromulario de login\">\n\t\t\t<input type=\"hidden\" name=\"redirect_to\" value=\"https:\/\/ammmicro.mx\/congreso\/cuenta-usuarios-congreso\/\">\n\t\t\t<div class=\"elementor-form-fields-wrapper\">\n\t\t\t\t<div class=\"elementor-field-type-text elementor-field-group elementor-column elementor-col-100 elementor-field-required\">\n\t\t\t\t\t<label for=\"user-1fd437b\" class=\"elementor-field-label\">Nombre de usuario o correo electr\u00f3nico<\/label>\n\t\t\t\t\t<input size=\"1\" type=\"text\" name=\"log\" id=\"user-1fd437b\" placeholder=\"Usuario o Correo\" class=\"elementor-field elementor-field-textual elementor-size-sm\">\n\t\t\t\t<\/div>\n\t\t\t\t<div class=\"elementor-field-type-text elementor-field-group elementor-column elementor-col-100 elementor-field-required\">\n\t\t\t\t\t<label for=\"password-1fd437b\" class=\"elementor-field-label\">Contrase\u00f1a<\/label>\n\t\t\t\t\t<input size=\"1\" type=\"password\" name=\"pwd\" id=\"password-1fd437b\" placeholder=\"Contrase\u00f1a\" class=\"elementor-field elementor-field-textual elementor-size-sm\">\n\t\t\t\t<\/div>\n\n\t\t\t\t\t\t\t\t\t<div class=\"elementor-field-type-checkbox elementor-field-group elementor-column elementor-col-100 elementor-remember-me\">\n\t\t\t\t\t\t<label for=\"elementor-login-remember-me\">\n\t\t\t\t\t\t\t<input type=\"checkbox\" id=\"elementor-login-remember-me\" name=\"rememberme\" value=\"forever\">\n\t\t\t\t\t\t\tRecu\u00e9rdame\t\t\t\t\t\t<\/label>\n\t\t\t\t\t<\/div>\n\t\t\t\t\n\t\t\t\t<div class=\"elementor-field-group elementor-column elementor-field-type-submit elementor-col-100\">\n\t\t\t\t\t<button type=\"submit\" class=\"elementor-size-sm elementor-button\" name=\"wp-submit\">\n\t\t\t\t\t\t\t\t\t\t\t\t\t\t\t<span class=\"elementor-button-text\">Iniciar sesi\u00f3n<\/span>\n\t\t\t\t\t\t\t\t\t\t\t\t<\/button>\n\t\t\t\t<\/div>\n\n\t\t\t\t\t\t\t\t\t<div class=\"elementor-field-group elementor-column elementor-col-100\">\n\t\t\t\t\t\t\t\t\t\t\t\t\t\t\t\t\t\t\t\t<a class=\"elementor-lost-password\" href=\"https:\/\/ammmicro.mx\/congreso\/mi-cuenta-2\/lost-password\/\">\n\t\t\t\t\t\t\t\t\u00bfOlvid\u00f3 su contrase\u00f1a?\t\t\t\t\t\t\t<\/a>\n\t\t\t\t\t\t\n\t\t\t\t\t\t\t\t\t\t\t<\/div>\n\t\t\t\t\t\t\t<\/div>\n\t\t<\/form>\n\t\t\t\t\t\t<\/div>\n\t\t\t\t<\/div>\n\t\t\t\t<\/div>\n\t\t\t\t<\/div>\n\t\t<div class=\"elementor-element elementor-element-07d8ed0 e-con-full e-flex e-con e-child\" data-id=\"07d8ed0\" data-element_type=\"container\" data-e-type=\"container\" data-settings=\"{&quot;background_background&quot;:&quot;classic&quot;}\">\n\t\t\t\t<div class=\"elementor-element elementor-element-c981790 elementor-widget elementor-widget-heading\" data-id=\"c981790\" data-element_type=\"widget\" data-e-type=\"widget\" data-widget_type=\"heading.default\">\n\t\t\t\t<div class=\"elementor-widget-container\">\n\t\t\t\t\t<h4 class=\"elementor-heading-title elementor-size-default\">Pre - Registro al Evento<\/h4>\t\t\t\t<\/div>\n\t\t\t\t<\/div>\n\t\t\t\t<div class=\"elementor-element elementor-element-0cc52bd elementor-widget elementor-widget-jet-engine-booking-form\" data-id=\"0cc52bd\" data-element_type=\"widget\" data-e-type=\"widget\" data-widget_type=\"jet-engine-booking-form.default\">\n\t\t\t\t<div class=\"elementor-widget-container\">\n\t\t\t\t\t<form  class=\"jet-form layout-column submit-type-reload\" action=\"\/congreso\/wp-json\/wp\/v2\/pages\/8183?jet_engine_action=book&#038;nocache=1776769423\" method=\"POST\" data-form-id=\"11060\"><input class=\"jet-form__field hidden-field\" type=\"hidden\" name=\"_jet_engine_booking_form_id\" value=\"11060\" data-field-name=\"_jet_engine_booking_form_id\"><input class=\"jet-form__field hidden-field\" type=\"hidden\" name=\"_jet_engine_refer\" value=\"https:\/\/ammmicro.mx\/congreso\/wp-json\/wp\/v2\/pages\/8183\" data-field-name=\"_jet_engine_refer\"><div  class=\"jet-form-row jet-form-row--hidden\"><div class=\"jet-form-col jet-form-col-12  field-type-hidden  jet-form-field-container\" data-field=\"post_id\" data-conditional=\"false\"><input class=\"jet-form__field hidden-field\" type=\"hidden\" name=\"post_id\" value=\"8183\" data-field-name=\"post_id\"><\/div><\/div><div  class=\"jet-form-row jet-form-row--first-visible\"><div class=\"jet-form-col jet-form-col-6  field-type-text  jet-form-field-container\" data-field=\"campo_nombre_new\" data-conditional=\"false\"><div class=\"jet-form__label\">\n\t<span class=\"jet-form__label-text\" >Nombre(s)<span class=\"jet-form__required\">*<\/span><\/span>\n\t<\/div><input class=\"jet-form__field text-field \" value=\"\" required=\"required\" name=\"campo_nombre_new\" id=\"campo_nombre_new\" type=\"text\" data-field-name=\"campo_nombre_new\"><\/div><div class=\"jet-form-col jet-form-col-6  field-type-text  jet-form-field-container\" data-field=\"campo_apellido_new\" data-conditional=\"false\"><div class=\"jet-form__label\">\n\t<span class=\"jet-form__label-text\" >Apellido(s)<span class=\"jet-form__required\">*<\/span><\/span>\n\t<\/div><input class=\"jet-form__field text-field \" value=\"\" required=\"required\" name=\"campo_apellido_new\" id=\"campo_apellido_new\" type=\"text\" data-field-name=\"campo_apellido_new\"><\/div><\/div><div  class=\"jet-form-row\"><div class=\"jet-form-col jet-form-col-6  field-type-text  jet-form-field-container\" data-field=\"campo_usuario_new\" data-conditional=\"false\"><div class=\"jet-form__label\">\n\t<span class=\"jet-form__label-text\" >Nombre Usuario<span class=\"jet-form__required\">*<\/span><\/span>\n\t<\/div><input class=\"jet-form__field text-field \" value=\"\" required=\"required\" name=\"campo_usuario_new\" id=\"campo_usuario_new\" type=\"text\" data-field-name=\"campo_usuario_new\"><\/div><div class=\"jet-form-col jet-form-col-6  field-type-text  jet-form-field-container\" data-field=\"campo_correo_new\" data-conditional=\"false\"><div class=\"jet-form__label\">\n\t<span class=\"jet-form__label-text\" >Correo electr\u00f3nico<span class=\"jet-form__required\">*<\/span><\/span>\n\t<\/div><input class=\"jet-form__field text-field \" value=\"\" required=\"required\" name=\"campo_correo_new\" id=\"campo_correo_new\" type=\"email\" data-field-name=\"campo_correo_new\"><\/div><\/div><div  class=\"jet-form-row\"><div class=\"jet-form-col jet-form-col-6  field-type-text  jet-form-field-container\" data-field=\"campo_password_new\" data-conditional=\"false\"><div class=\"jet-form__label\">\n\t<span class=\"jet-form__label-text\" >Contrase\u00f1a<span class=\"jet-form__required\">*<\/span><\/span>\n\t<\/div><input class=\"jet-form__field text-field \" value=\"\" required=\"required\" name=\"campo_password_new\" id=\"campo_password_new\" type=\"password\" data-field-name=\"campo_password_new\"><\/div><div class=\"jet-form-col jet-form-col-6  field-type-text  jet-form-field-container\" data-field=\"campo_confirm_password_new\" data-conditional=\"false\"><div class=\"jet-form__label\">\n\t<span class=\"jet-form__label-text\" >Confirmar contrase\u00f1a<span class=\"jet-form__required\">*<\/span><\/span>\n\t<\/div><input class=\"jet-form__field text-field \" value=\"\" required=\"required\" name=\"campo_confirm_password_new\" id=\"campo_confirm_password_new\" type=\"password\" data-field-name=\"campo_confirm_password_new\"><\/div><\/div><div  class=\"jet-form-row\"><div class=\"jet-form-col jet-form-col-6  field-type-select  jet-form-field-container\" data-field=\"campo_participante_new\" data-conditional=\"false\"><div class=\"jet-form__label\">\n\t<span class=\"jet-form__label-text\" >Participante<span class=\"jet-form__required\">*<\/span><\/span>\n\t<\/div><select  required=\"required\" name=\"campo_participante_new\" data-field-name=\"campo_participante_new\" id=\"campo_participante_new\" data-default-val=\"\" class=\"jet-form__field select-field\"><option value=\"\" selected>Selecciona una opci\u00f3n<\/option><option value=\"estudiante\" >Estudiante<\/option><option value=\"academico\" >Acad\u00e9mico<\/option><option value=\"sector_privado\" >Sector Privado<\/option><\/select><\/div><div class=\"jet-form-col jet-form-col-6  field-type-text  jet-form-field-container\" data-field=\"campo_institucion_new\" data-conditional=\"false\"><div class=\"jet-form__label\">\n\t<span class=\"jet-form__label-text\" >Instituci\u00f3n | Empresa<span class=\"jet-form__required\">*<\/span><\/span>\n\t<\/div><input class=\"jet-form__field text-field \" value=\"\" required=\"required\" name=\"campo_institucion_new\" id=\"campo_institucion_new\" type=\"text\" data-field-name=\"campo_institucion_new\"><\/div><\/div><div  class=\"jet-form-row\"><div class=\"jet-form-col jet-form-col-6  field-type-select  jet-form-field-container\" data-field=\"campo_pais_new\" data-conditional=\"false\"><div class=\"jet-form__label\">\n\t<span class=\"jet-form__label-text\" >Pa\u00eds<span class=\"jet-form__required\">*<\/span><\/span>\n\t<\/div><select  required=\"required\" name=\"campo_pais_new\" data-field-name=\"campo_pais_new\" id=\"campo_pais_new\" data-default-val=\"\" class=\"jet-form__field select-field\"><option value=\"\" selected>Selecciona tu pa\u00eds<\/option><option value=\"antigua_barbuda\" >Antigua y Barbuda<\/option><option value=\"argentina\" >Argentina<\/option><option value=\"bahamas\" >Bahamas<\/option><option value=\"barbados\" >Barbados<\/option><option value=\"belice\" >Belice<\/option><option value=\"bolivia\" >Bolivia<\/option><option value=\"brasil\" >Brasil<\/option><option value=\"canada\" >Canad\u00e1<\/option><option value=\"chile\" >Chile<\/option><option value=\"colombia\" >Colombia<\/option><option value=\"costa_rica\" >Costa Rica<\/option><option value=\"cuba\" >Cuba<\/option><option value=\"dominica\" >Dominica<\/option><option value=\"ecuador\" >Ecuador<\/option><option value=\"el_salvador\" >El Salvador<\/option><option value=\"estados_unidos\" >Estados Unidos<\/option><option value=\"granada\" >Granada<\/option><option value=\"guatemala\" >Guatemala<\/option><option value=\"guyana\" >Guyana<\/option><option value=\"haiti\" >Hait\u00ed<\/option><option value=\"honduras\" >Honduras<\/option><option value=\"jamaica\" >Jamaica<\/option><option value=\"mexico\" >M\u00e9xico<\/option><option value=\"panama\" >Panam\u00e1<\/option><option value=\"paraguay\" >Paraguay<\/option><option value=\"peru\" >Per\u00fa<\/option><option value=\"republica_dominicana\" >Rep\u00fablica Dominicana<\/option><option value=\"san_cristobal_nieves\" >San Crist\u00f3bal y Nieves<\/option><option value=\"san_vicente_granadinas\" >San Vicente y las Granadinas<\/option><option value=\"santa_lucia\" >Santa Luc\u00eda<\/option><option value=\"surinam\" >Surinam<\/option><option value=\"trinidad_tobago\" >Trinidad y Tobago<\/option><option value=\"uruguay\" >Uruguay<\/option><option value=\"venezuela\" >Venezuela<\/option><\/select><\/div><div class=\"jet-form-col jet-form-col-6  field-type-text  jet-form-field-container\" data-field=\"campo_estado_new\" data-conditional=\"false\"><div class=\"jet-form__label\">\n\t<span class=\"jet-form__label-text\" >Estado<span class=\"jet-form__required\">*<\/span><\/span>\n\t<\/div><input class=\"jet-form__field text-field \" value=\"\" required=\"required\" name=\"campo_estado_new\" id=\"campo_estado_new\" type=\"text\" data-field-name=\"campo_estado_new\"><\/div><\/div><div  class=\"jet-form-row\"><div class=\"jet-form-col jet-form-col-6  field-type-text  jet-form-field-container\" data-field=\"campo_municipio_new\" data-conditional=\"false\"><div class=\"jet-form__label\">\n\t<span class=\"jet-form__label-text\" >Municipio<span class=\"jet-form__required\">*<\/span><\/span>\n\t<\/div><input class=\"jet-form__field text-field \" value=\"\" required=\"required\" name=\"campo_municipio_new\" id=\"campo_municipio_new\" type=\"text\" data-field-name=\"campo_municipio_new\"><\/div><div class=\"jet-form-col jet-form-col-6  field-type-radio  jet-form-field-container\" data-field=\"campo_recibir_informacion\" data-conditional=\"false\"><div class=\"jet-form__label\">\n\t<span class=\"jet-form__label-text\" >\u00bfDesea recibir innovaciones en equipamiento y t\u00e9cnicas de Microscop\u00eda de nuestros patrocinadores?<span class=\"jet-form__required\">*<\/span><\/span>\n\t<\/div><div class=\"jet-form__fields-group checkradio-wrap\">\t\t<div class=\"jet-form__field-wrap radio-wrap checkradio-wrap\">\n\t\t\t\t\t\t<label class=\"jet-form__field-label\">\n\t\t\t\t<input\n\t\t\t\t\ttype=\"radio\"\n\t\t\t\t\tname=\"campo_recibir_informacion\"\n\t\t\t\t\tclass=\"jet-form__field radio-field checkradio-field\"\n\t\t\t\t\tvalue=\"Si\"\n\t\t\t\t\tdata-field-name=\"campo_recibir_informacion\"\n\t\t\t\t\t\t\t\t\t\trequired=\"required\"\t\t\t\t\t\t\t\t\t\t\t\t\t\t>\n\t\t\t\tSi\t\t\t<\/label>\n\t\t<\/div>\n\t\t\t\t<div class=\"jet-form__field-wrap radio-wrap checkradio-wrap\">\n\t\t\t\t\t\t<label class=\"jet-form__field-label\">\n\t\t\t\t<input\n\t\t\t\t\ttype=\"radio\"\n\t\t\t\t\tname=\"campo_recibir_informacion\"\n\t\t\t\t\tclass=\"jet-form__field radio-field checkradio-field\"\n\t\t\t\t\tvalue=\"No\"\n\t\t\t\t\tdata-field-name=\"campo_recibir_informacion\"\n\t\t\t\t\t\t\t\t\t\trequired=\"required\"\t\t\t\t\t\t\t\t\t\t\t\t\t\t>\n\t\t\t\tNo\t\t\t<\/label>\n\t\t<\/div>\n\t\t<\/div><\/div><\/div><div  class=\"jet-form-row jet-form-row--submit\"><div class=\"jet-form-col jet-form-col-6 jet-form-push-3 field-type-submit  jet-form-field-container\" data-field=\"Submit\" data-conditional=\"false\"><div class=\"jet-form__submit-wrap\">\n\t\t<button class=\"jet-form__submit submit-type-reload\" type=\"submit\">Crear cuenta<\/button>\n<\/div><\/div><\/div><input class=\"jet-form__field hidden-field\" type=\"hidden\" name=\"_jet_engine_nonce\" value=\"1bfad16779\" data-field-name=\"_jet_engine_nonce\"><\/form>\t\t\t\t<\/div>\n\t\t\t\t<\/div>\n\t\t\t\t<\/div>\n\t\t\t\t\t<\/div>\n\t\t\t\t<\/div>\n\t\t\t\t<\/div>\n\t\t","protected":false},"excerpt":{"rendered":"<p>Inicio de sesi\u00f3n Pre &#8211; Registro al Evento Nombre(s)* Apellido(s)* Nombre Usuario* Correo electr\u00f3nico* Contrase\u00f1a* Confirmar contrase\u00f1a* Participante* Selecciona una opci\u00f3nEstudianteAcad\u00e9micoSector Privado Instituci\u00f3n | Empresa* Pa\u00eds* Selecciona tu pa\u00edsAntigua y BarbudaArgentinaBahamasBarbadosBeliceBoliviaBrasilCanad\u00e1ChileColombiaCosta RicaCubaDominicaEcuadorEl SalvadorEstados UnidosGranadaGuatemalaGuyanaHait\u00edHondurasJamaicaM\u00e9xicoPanam\u00e1ParaguayPer\u00faRep\u00fablica DominicanaSan Crist\u00f3bal y NievesSan Vicente y las GranadinasSanta Luc\u00edaSurinamTrinidad y TobagoUruguayVenezuela Estado* Municipio* \u00bfDesea recibir innovaciones en equipamiento y t\u00e9cnicas de &hellip; <\/p>\n<p class=\"link-more\"><a href=\"https:\/\/ammmicro.mx\/congreso\/pre-registro\/\" class=\"more-link\">Leer m\u00e1s<span class=\"screen-reader-text\"> \u00abPre-Registro\u00bb<\/span><\/a><\/p>\n","protected":false},"author":1,"featured_media":0,"parent":0,"menu_order":0,"comment_status":"closed","ping_status":"closed","template":"elementor_header_footer","meta":{"_monsterinsights_skip_tracking":false,"_monsterinsights_sitenote_active":false,"_monsterinsights_sitenote_note":"","_monsterinsights_sitenote_category":0,"_jf_save_progress":"","_jf_schedule_form":"","_jf_limit_responses":"","inspiro_hide_title":false,"footnotes":""},"class_list":["post-8183","page","type-page","status-publish","hentry"],"aioseo_notices":[],"featured_media_urls":[],"_links":{"self":[{"href":"https:\/\/ammmicro.mx\/congreso\/wp-json\/wp\/v2\/pages\/8183","targetHints":{"allow":["GET"]}}],"collection":[{"href":"https:\/\/ammmicro.mx\/congreso\/wp-json\/wp\/v2\/pages"}],"about":[{"href":"https:\/\/ammmicro.mx\/congreso\/wp-json\/wp\/v2\/types\/page"}],"author":[{"embeddable":true,"href":"https:\/\/ammmicro.mx\/congreso\/wp-json\/wp\/v2\/users\/1"}],"replies":[{"embeddable":true,"href":"https:\/\/ammmicro.mx\/congreso\/wp-json\/wp\/v2\/comments?post=8183"}],"version-history":[{"count":29,"href":"https:\/\/ammmicro.mx\/congreso\/wp-json\/wp\/v2\/pages\/8183\/revisions"}],"predecessor-version":[{"id":11297,"href":"https:\/\/ammmicro.mx\/congreso\/wp-json\/wp\/v2\/pages\/8183\/revisions\/11297"}],"wp:attachment":[{"href":"https:\/\/ammmicro.mx\/congreso\/wp-json\/wp\/v2\/media?parent=8183"}],"curies":[{"name":"wp","href":"https:\/\/api.w.org\/{rel}","templated":true}]}}